t u be (7/14)/(2/76). What is the greatest common factor of u and l?
19
Let b be 2 + (-5 - 13 - 0). Let h be (-1780)/b + (-1 - 0)/4. Calculate the highest common divisor of 37 and h.
37
Suppose -m - 3 = -8. Suppose 25 = 5*g + 2*w, g - 2*w = m - 0. Suppose 5 = 2*n - g. Calculate the greatest common divisor of 2 and n.
1
Let z = 34 - 30. Suppose z*x = -5*b + 345, b - 4*x = -0*b + 45. What is the highest common divisor of 26 and b?
13
Suppose 0 = -2*i - 0*i + 4. Let c(h) = -18*h**3 - h**2 - h + 3. Let n be c(i). Let z = -49 - n. What is the highest common factor of z and 14?
14
Let v = -38 + 62. Let g be (-4)/1 + 5 + 631. Let d = -368 + g. Calculate the greatest common factor of d and v.
24
Let s = -373 - -594. Let d be s/2 + (-1)/2. Let g be ((-21)/2)/((-33)/d). Calculate the highest common factor of g and 5.
5
Suppose -2747 + 227 = -35*f. Let t(b) = -b**3 + 6*b**2 - 5*b - 3. Let k be t(4). What is the highest common factor of k and f?
9
Let d(p) = 15*p**3 - p**2 - 3*p - 1. Let y be d(-3). Let g be 3/2*-2 + y/(-14). Let k = 87 + -48. What is the greatest common divisor of g and k?
13
Let p be 37/5 + 2/(-5). Let f = 62 + -57. Suppose 4*q + 4*v + 22 = f*q, 44 = 3*q - v. Calculate the greatest common divisor of p and q.
7
Let d = -17 - -14. Suppose 0*o = -2*o + 2*w + 6, 5*o + 35 = -5*w. Let s = o - d. Calculate the highest common divisor of 1 and s.
1
Let g = 2 + 0. Let u = 478 - 406. Suppose 0*k - g*k = -u. What is the greatest common factor of k and 396?
36
Suppose 4*n + 250 = 4*v - 270, 3*v - 385 = 2*n. Suppose t - 37 = -r, -2*r - r + 4*t + v = 0. Calculate the greatest common factor of 52 and r.
13
Let z(q) = -13*q - 2. Let w be z(-12). Let b = -164 - -186. Calculate the greatest common divisor of w and b.
22
Let d = -421 + 433. What is the greatest common divisor of 132 and d?
12
Suppose -5*r = 3*i - 462, 4*r - 4*i = 473 - 129. Calculate the greatest common factor of 36 and r.
18
Let s be 1 - 2*(-6 + 4). Suppose s*w - 2 = -a + 4, -a - 10 = -3*w. Calculate the highest common factor of w and 3.
1
Let u(d) = -8*d - 7. Let k = -14 + 12. Let i(l) = -2*l. Let g(t) = k*i(t) + 2*u(t). Let s be g(-7). Calculate the greatest common factor of 105 and s.
35
Suppose -14*k + 12*k + 204 = 0. What is the highest common divisor of k and 34?
34
Let k = -28 + 33. Suppose 0 = 5*m + k*l - 35, -3*m + l = m - 53. Calculate the highest common factor of m and 192.
12
Suppose 9*p = -3390 + 21399. Calculate the highest common factor of 69 and p.
69
Let t be ((-14)/3)/(2/6). Let m = t - -19. Let q be (2/(-1))/(6/(-45)). Calculate the greatest common divisor of q and m.
5
Suppose -7*l = -2*l - 25. Suppose 5*u - 44 = -5*y + 61, -5*y + 2*u = -91. Let n = 44 - y. What is the highest common factor of n and l?
5
Let t be 0/21 - 16/(-1). Suppose -t*d + 16 = -15*d. Calculate the highest common divisor of 144 and d.
16
Let l(d) = -d**3 + 18*d**2 + 42*d + 41. Let n be l(20). What is the greatest common divisor of 3 and n?
3
Suppose s = 4*q + q - 381, 134 = 2*q - 5*s. Calculate the highest common divisor of q and 21.
7
Let p(x) = x**2 - 6*x - 9. Let d be p(8). Let c(o) = o**2 - 2*o - 15. Let n be c(d). Calculate the greatest common factor of 80 and n.
20
Suppose -2 = 3*c - 5. Let r be (-2247)/(-28) - c/4. Suppose 5*o - 3*l = 47, -12*o = -9*o + 3*l - 33. What is the highest common factor of o and r?
10
Let l be (-1210)/(-6) - (-65)/(-39). Calculate the greatest common factor of 120 and l.
40
Suppose 4*a - 30 = -3*l + 17, 4*l + 26 = a. Calculate the greatest common divisor of 91 and a.
7
Let k be 28/182 + (-18)/52*-40. Calculate the highest common factor of k and 14.
14
Let c(m) = 15*m**2 + 4*m + 3. Let q be c(-2). Let u be 22/q + (-223)/(-5). Calculate the highest common divisor of 9 and u.
9
Let h(m) = -m**3 + 8*m**2 - 2*m - 5. Let k be h(7). Calculate the greatest common divisor of k and 420.
30
Suppose g - 12 + 7 = 0, c - 4*g - 113 = 0. What is the highest common divisor of c and 171?
19
Let i be 6/(-4)*2*22/(-6). Calculate the greatest common factor of 22 and i.
11
Let g(z) = 18 - 11 - 13 - 234*z. Let d be g(-1). Calculate the greatest common factor of 12 and d.
12
Let r be (0 + (-3)/2)/(4/(-48)). Suppose 2*n - 5*n = -2*a + r, -4*n + 20 = a. What is the highest common divisor of a and 96?
12
Let y be ((-2664)/(-185))/(6/520). What is the greatest common divisor of 78 and y?
78
Let i = 591 - 552. Calculate the highest common divisor of 36 and i.
3
Let n(y) = 2*y**2 - 3*y - 29. Let r be n(6). Calculate the greatest common factor of 10 and r.
5
Suppose 8 + 19 = 9*d. Suppose -3*s + 94 = -4*t, 0 = -4*s + d*t - 3 + 119. Calculate the highest common factor of s and 39.
13
Let k(l) = l**3 + 7*l**2 + 4*l - 1. Let y be k(-3). Suppose 2*s - y = 45. What is the highest common divisor of 51 and s?
17
Let s be 29 - (2 + (-20)/4). Let i be (-12)/24 - 483/(-2). Suppose 3*k + k + p = 261, 3*p + i = 4*k. What is the greatest common factor of s and k?
32
Suppose 8*o = 12*o - 104. Suppose -5*d + 3*d = -468. Calculate the greatest common divisor of d and o.
26
Let j = 442 - 208. Calculate the greatest common factor of 26 and j.
26
Let g(s) = -s**2 - 5*s + 2. Let h be g(-4). Suppose -5*v - 16 = 3*f - 0*v, -2*f + 16 = -2*v. Calculate the greatest common divisor of h and f.
3
Let d be (2 - (-2)/(-2))*(-8 + 23). What is the highest common divisor of d and 960?
15
Let o(z) be the third derivative of -7*z**6/120 + z**5/60 - z**4/12 + 11*z**3/6 - 4*z**2 + 5. Let n be o(-3). What is the greatest common divisor of n and 86?
43
Suppose j = -t - t + 7, -t + 28 = 4*j. Let n(l) = l**2 - 6*l + 3. Let w be n(j). What is the greatest common divisor of 4 and w?
2
Let d = -237 + 248. What is the highest common divisor of 121 and d?
11
Let i = -706 - -1356. Calculate the highest common divisor of i and 20.
10
Suppose 2*o - 134 = 64. Calculate the highest common factor of 77 and o.
11
Let i(a) = a**3 + 2*a**2 - 7*a - 2. Let g be i(-3). Let j be (-462)/(-4) + 5/g. What is the highest common divisor of 29 and j?
29
Let v(p) = -p**3 + 7*p**2 - p + 9. Let o be v(7). Suppose 78 = 5*l - o. Let u be -6 - (1420/(-10) + 8). Calculate the greatest common factor of u and l.
16
Let n(d) = 10*d**3 - d**2 + d + 2. Let r be n(2). Suppose -3*u = 2*u - r. Let l be (-3)/(18/(-26)) - (-27)/(-81). What is the greatest common factor of u and l?
4
Let l = 364 + -340. Suppose 2*t - 32 = -0*t. What is the highest common factor of t and l?
8
Let b be 0 + 39 - 4/4. Let h be (228/16)/((-63)/(-1680)). Calculate the greatest common divisor of h and b.
38
Let l be -1 + (4 + 1/1 - -143). What is the highest common factor of 42 and l?
21
Let x = 779 + -775. Calculate the greatest common divisor of 124 and x.
4
Suppose 110 = 17*i - 366. Calculate the highest common factor of i and 406.
14
Suppose 6 - 2 = -2*i. Let z be (-16 - 29)/(i/2). Calculate the highest common divisor of z and 360.
45
Let g be ((-54)/63)/(2/(-77)). Calculate the highest common divisor of g and 1089.
33
Let h(q) = -52*q + 50. Let l be h(0). What is the highest common factor of 250 and l?
50
Let j be (1/(-3))/(21/(-441)). Suppose -6*i - j*i + 104 = 0. Let d = -24 - -56. Calculate the highest common factor of i and d.
8
Suppose 57*p + 5125 = 62*p. What is the greatest common divisor of p and 41?
41
Suppose -5 = 5*f, -5*w + 2*f + 13 + 9 = 0. Suppose -18 = b - w*b. What is the greatest common divisor of b and 36?
6
Let d be (-5 - ((-189)/(-6))/(-7))*-50. Calculate the greatest common factor of 15 and d.
5
Let z(p) = -p**3 - 9*p**2 + 2*p - 57. Let k be z(-10). Calculate the greatest common factor of k and 391.
23
Let k be (6 - -3)/((-3)/2). Let w = k + 8. Let i = 96 + -80. What is the greatest common divisor of i and w?
2
Let g(j) = j**2 + 10*j - 27. Let c be g(-13). Suppose d + 3*p + 24 = 2*d, 0 = -3*p - c. What is the greatest common factor of 24 and d?
12
Suppose -13*m = -8*m - 320. Let f(a) = -12*a + 1. Let q be f(-1). Suppose 3*p = q + 35. Calculate the highest common factor of m and p.
16
Suppose -4*q = 4*y - 60, 4*q = -0*y + y + 85. Suppose q = -28*b + 29*b. What is the highest common divisor of 30 and b?
10
Let h be (-73 - -1)/(-12 - (-820)/70). Suppose 2*r - 65 = -0*a - 3*a, -143 = -5*r - a. Calculate the greatest common factor of r and h.
28
Let k be -1 + 7 + (69/1 - 10)